*o - 17 = 0, 15 = s - 4*o. Let a(n) = -n**3 + 6*n**2 + 5*n + 8. Let f be a(s). What is the units digit of 4/f - (-164)/12?
3
Suppose 0*w - 2 = -2*w. Let h(y) = -11*y**2 + 26*y - 4. Let c be h(2). What is the units digit of 2*(50/c - w)?
3
Suppose 122 = 3*l + s, 5*l - 7*s = -2*s + 190. Let z = l - -16. What is the tens digit of z?
5
Let u = 106 - 148. Let f = 74 + u. What is the units digit of f?
2
Let j = 78 + -75. Suppose 179 = j*m + 3*c - c, -3*c = -3. What is the tens digit of m?
5
Let m = -502 - -570. What is the units digit of m?
8
Let p = -20 - -31. Let m = p + -8. Suppose 0 = -4*t + m*t + 63. What is the tens digit of t?
6
Suppose 3*f - 1733 = -2*s + 1640, 0 = -5*s + 3*f + 8464. What is the tens digit of s?
9
Let x be (-2)/5 - (-6276)/15. Let l = x - 292. What is the hundreds digit of l?
1
Let a(f) = f**2 - 3*f + 2. Suppose -u = u - 2*r + 14, -5 = 5*u + 5*r. What is the tens digit of a(u)?
3
Suppose -8*i = -4*i + 4*g - 1712, -1717 = -4*i - 3*g. Let a(f) = 3*f + 425 - 2*f**2 - i + 5*f**2. What is the tens digit of a(-4)?
2
Let i(r) = 10*r + 267. What is the tens digit of i(0)?
6
Let l = -41 + 21. What is the tens digit of (-10)/l + 481/2?
4
Suppose -3*n + 2*p + 516 = -539, 5*p + 707 = 2*n. What is the units digit of n?
1
Let f be (-1082)/(-4) - -3 - 4/8. Let n = -121 + f. What is the tens digit of n?
5
Let d be ((-2)/4)/((-11)/66). Suppose 2821 = d*i + 10*i. What is the units digit of i?
7
Let t(p) = p**2 - 4*p + 246. Let h be t(0). Suppose 2*c + 4*v = 190 + h, 0 = 5*v - 25. What is the tens digit of c?
0
Suppose 0 = 11*m - 15*m + 12. Suppose 5*i - 44 = -0*v - m*v, 0 = -5*v - 4*i + 95. What is the tens digit of v?
2
Let l(v) = -v**2 - 3*v + 10. Let p be l(-5). Suppose 3*s - 5*c + 8*c - 879 = p, -881 = -3*s - 5*c. What is the tens digit of s?
9
Let w(d) = 7*d**2 - 3*d + 8. Suppose 12 = 4*g - 2*i, -g + 3*i + 3 = 2*i. What is the units digit of w(g)?
2
Suppose 0 = -6*r - r + 168. Let y = 6 + r. What is the tens digit of y?
3
Let u be ((-4)/6)/(28/30 + -1). Let n(j) = 7*j**2 + 17*j + 1. Let t(i) = 3*i**2 + 8*i + 1. Let d(x) = 4*n(x) - 9*t(x). What is the units digit of d(u)?
5
Suppose -5*n - 50 = -425. Suppose 0 = -14*c + 9*c + n. What is the tens digit of c?
1
Let s(b) = 187*b + 10. Let z be s(2). Suppose -1982 = -13*o + z. What is the units digit of o?
2
What is the tens digit of 2594/((-7)/(56/(-16)))?
9
Suppose 2 = 2*g + 3*g - 3*u, -3*g - 2*u + 5 = 0. Let r be (-4 + (g - -3))/3. Suppose 10*v - 5*v - 160 = r. What is the tens digit of v?
3
Let z = -15 - -15. Let c be (z/1 - -3)*-5. Let w = c - -19. What is the units digit of w?
4
Let c(j) = -48*j + 561. What is the hundreds digit of c(-20)?
5
Suppose 6*d - 20*d = 742. Let k = d - -91. What is the units digit of k?
8
What is the hundreds digit of 6/(-14) + 28730/119?
2
Suppose 2*p = -3*f - 54, 2*f = 4*f + p + 36. What is the units digit of ((-30)/f)/(3 + (-1590)/531)?
5
What is the tens digit of (12522/(-8))/(33/(-44))?
8
Let t = -23 + 27. Suppose -4*m = -g - 5, t*g = -4 + 16. Suppose 5*y - 281 = y + 5*a, 0 = 2*y + m*a - 136. What is the units digit of y?
9
Suppose -13*v - 43 = 100. Let f(n) = -8*n + 11. What is the tens digit of f(v)?
9
What is the tens digit of (1 + -10 - -12) + 5352?
5
Suppose f + 3*q + 37 = 0, -f + 31 = -5*q + 108. What is the units digit of 3/(6/8) - f?
6
Let l = 1576 - 126. What is the hundreds digit of l?
4
Let h(c) be the second derivative of -2*c**3 - 15*c**2/2 - 4*c. What is the units digit of h(-4)?
3
Let u be (1 - 45/25)*-470. Let z = u - 268. What is the hundreds digit of z?
1
Suppose 0 = -19*c - 2603 + 42028. What is the units digit of c?
5
Let z(f) be the second derivative of 2*f**3 + 9*f**2/2 + f. What is the units digit of z(8)?
5
Let g(d) = 15*d**2 - 5*d. What is the hundreds digit of g(8)?
9
Let c(v) = -3*v**2 + 3*v**2 + 2*v**2 - 3*v. Let w be c(6). Suppose 4*o - w - 146 = 0. What is the tens digit of o?
5
Let z(o) = o**2 + 5*o - 4. Suppose -4*x + 4*b + 8 = 0, 34 = 5*x - b + 12. Let v = 10 - x. What is the tens digit of z(v)?
4
Let l = -343 + 352. What is the units digit of l?
9
Suppose -6*d + 4409 + 1183 = 0. What is the hundreds digit of d?
9
Let c = 207 + -125. Let x be (87/(-4))/((-3)/8). Let b = c - x. What is the units digit of b?
4
Let v = 453 + -301. Let y = v + -94. What is the tens digit of y?
5
Let g(w) = 95*w**2 + 7*w - 1. Let z be g(-2). What is the tens digit of (-2)/2*(-3)/(15/z)?
7
Let d be 217/(-1 + 2) - 0. Let u = d - 110. What is the hundreds digit of u?
1
Let d(r) = -8 + 9 - 7*r + 8*r + 14*r**2. Let b be ((-4)/6)/((-8)/12). What is the tens digit of d(b)?
1
Let r(k) be the first derivative of -k**2 - 6*k - 2. Suppose -4*c = -5*n + 24, n = -n. What is the units digit of r(c)?
6
Let b(i) = -12*i + 2. What is the tens digit of b(-4)?
5
Suppose 0 = -6*m + 993 + 1683. What is the units digit of m?
6
Suppose p + 2 = -2*f, -3*f + p + 10 = -4*p. Suppose 3*r + 18 = 5*g, -2*g + 2 = 4*r - f*r. What is the units digit of (-2)/(-6) - (-20)/g?
7
Let p be (-3 + (-28)/(-12))*(-6)/(-4). What is the tens digit of (2 + 112)*p/(-2)?
5
Let h be 6/21 - 975/(-91). What is the units digit of ((-1782)/36)/(2 - h/4)?
6
Suppose -5*m - 79 = -4*s - 0*s, 3*m = -2*s + 45. Suppose s*q + 16 = 22*q. What is the tens digit of q?
1
Suppose 0 = -4*d - 7*d + 9240. What is the hundreds digit of d?
8
Suppose -5*f + 2*w - 50 = 0, 3*w - 39 = f + 2*f. What is the units digit of (60/f - -6)*(0 + -2)?
3
Let k(w) = 144*w - 5. Let q = 37 + -36. What is the units digit of k(q)?
9
Let r be ((-5)/(-3))/((-10)/(-12)). Suppose r*t = 310 + 182. What is the hundreds digit of t?
2
Let u(f) = 165*f - 32. What is the hundreds digit of u(3)?
4
Let g be (-2 - -44)/(-2)*-1. Let o = g + -34. Let z = 24 + o. What is the units digit of z?
1
Let w(a) = -a**2 + a + 53. Let y be w(0). Suppose 2*k - 3*k - r = -20, 2*k - 2*r = 20. Suppose z = y - k. What is the tens digit of z?
3
Let z be (2 - 62)/((-12)/8). Let n be z/6*(-6)/(-4). Suppose -5*f = 5*u + n - 50, -f = -u + 6. What is the units digit of u?
7
Let k(j) = j**2 - 6*j + 9. Let a = -3 + -4. Let y be k(a). Suppose 3*l + 4*r - y = -l, -1 = -r. What is the units digit of l?
4
Let d(u) = -u**2 - 15*u - 20. Let p be d(-14). Let s = -4 + p. What is the units digit of (s + 4)*4/(-8)?
3
Suppose 0 = 4*j - 3*u - 22, -2*u + 3*u + 2 = 0. Suppose j*v - 144 = -4*x - 12, -2*v + 180 = 5*x. Let l = 76 - x. What is the units digit of l?
8
Suppose -3*j + 4 = -j, 0 = -3*y - j + 1310. What is the hundreds digit of y?
4
Suppose 3*a - 2*r - 230 = 0, -r = -a + 4*a - 236. What is the units digit of a?
8
Suppose 216 = -2*k + 5*k. Suppose 5*m - k + 12 = 0. Suppose m*w = 10*w + 54. What is the units digit of w?
7
Let x be (-23 + -1)/((-54)/504). Suppose -5*k - 59 + x = 0. What is the tens digit of k?
3
What is the hundreds digit of 3/(-12) + (-6 - (-45027)/12)?
7
Suppose -5*l = 3*a - 12 - 25, 3*a = l + 7. Suppose a*d - 1359 = -5*d. What is the tens digit of d?
5
Let n be (-1)/(-4) - 57/(-12). Suppose x + 2*h = 65, -n*x = -3*x + h - 142. What is the tens digit of x?
7
Let h be (-3 - (-2867)/19) + (-20)/(-190). Suppose -y = y - 8. Suppose -2*g + h = c + c, y*g = -c + 86. What is the tens digit of c?
7
Suppose 0 = -3*i - 4*p + 4500, 2*p - 6*p = -2*i + 3020. What is the hundreds digit of i?
5
What is the hundreds digit of (2 + -5)/(((-3)/671)/3)?
0
Let i = -47 + 648. What is the units digit of i?
1
Suppose -26*x = -2*g - 23*x + 44, -5*g + 87 = 4*x. What is the units digit of g?
9
Let q(i) = i + 2. Let a be q(-2). Suppose -112 = -y + 2*t, -y + t + 88 + 24 = a. What is the units digit of y?
2
Let d = -972 + 1597. What is the units digit of d?
5
Let v be (-15 + 1)*25/10. Let b = v - -91. Suppose c - 59 = -j, -j = 4*c - 2*c - b. What is the units digit of j?
2
Suppose -142*i + 138*i = -2424. What is the tens digit of i?
0
Let t(i) = -2*i**2 + 32*i + 1. Let b(j) = -j**2 + 16*j. Let a(y) = -7*b(y) + 4*t(y). Let x = -18 - -33. What is the units digit of a(x)?
9
Let p(u) = 12*u - 36. Let v(i) = -26*i + 71. Let j(x) = -11*p(x) - 6*v(x). What is the units digit of j(5)?
0
Let a be 0 + (6/2)/3. Let w(l) = 3*l**2 - l. Let r be w(a). Let q = 0 + r. What is the units digit of q?
2
Let o(m) = -3*m**2 + 2*m - 1. Let u be o(3). Let c = -1 - u. Suppose l + 2*l - c = 0. What is the units d